[INFO] fetching crate halite3bdk 0.1.0...
[INFO] checking halite3bdk-0.1.0 against master#af3c6e733a40e671550e0f0f5aeecaa13772ba56 for pr-74989
[INFO] extracting crate halite3bdk 0.1.0 into /workspace/builds/worker-3/source
[INFO] validating manifest of crates.io crate halite3bdk 0.1.0 on toolchain af3c6e733a40e671550e0f0f5aeecaa13772ba56
[INFO] running `Command { std: "/workspace/cargo-home/bin/cargo" "+af3c6e733a40e671550e0f0f5aeecaa13772ba56" "read-manifest" "--manifest-path" "Cargo.toml", kill_on_drop: false }`
[INFO] started tweaking crates.io crate halite3bdk 0.1.0
[INFO] finished tweaking crates.io crate halite3bdk 0.1.0
[INFO] tweaked toml for crates.io crate halite3bdk 0.1.0 written to /workspace/builds/worker-3/source/Cargo.toml
[INFO] crate crates.io crate halite3bdk 0.1.0 already has a lockfile, it will not be regenerated
[INFO] running `Command { std: "/workspace/cargo-home/bin/cargo" "+af3c6e733a40e671550e0f0f5aeecaa13772ba56" "fetch" "--locked" "--manifest-path" "Cargo.toml", kill_on_drop: false }`
[INFO] [stderr]     Blocking waiting for file lock on package cache
[INFO] running `Command { std: "docker" "create" "-v" "/var/lib/crater-agent-workspace/builds/worker-3/target:/opt/rustwide/target:rw,Z" "-v" "/var/lib/crater-agent-workspace/builds/worker-3/source:/opt/rustwide/workdir:ro,Z" "-v" "/var/lib/crater-agent-workspace/cargo-home:/opt/rustwide/cargo-home:ro,Z" "-v" "/var/lib/crater-agent-workspace/rustup-home:/opt/rustwide/rustup-home:ro,Z" "-e" "SOURCE_DIR=/opt/rustwide/workdir" "-e" "CARGO_TARGET_DIR=/opt/rustwide/target" "-e" "CARGO_HOME=/opt/rustwide/cargo-home" "-e" "RUSTUP_HOME=/opt/rustwide/rustup-home" "-w" "/opt/rustwide/workdir" "-m" "1610612736" "--user" "0:0" "--network" "none" "rustops/crates-build-env@sha256:d92eaeed33fa75130ca1ee6c8a01d1ffb62bac859dfdfb3450e3e5d1c0146529" "/opt/rustwide/cargo-home/bin/cargo" "+af3c6e733a40e671550e0f0f5aeecaa13772ba56" "metadata" "--no-deps" "--format-version=1", kill_on_drop: false }`
[INFO] [stdout] a019ceb61139c0467951e4d9fc7b3711a4605b5c4ea110185f1131ac28a6f740
[INFO] [stderr] WARNING: Your kernel does not support swap limit capabilities or the cgroup is not mounted. Memory limited without swap.
[INFO] running `Command { std: "docker" "start" "-a" "a019ceb61139c0467951e4d9fc7b3711a4605b5c4ea110185f1131ac28a6f740", kill_on_drop: false }`
[INFO] running `Command { std: "docker" "inspect" "a019ceb61139c0467951e4d9fc7b3711a4605b5c4ea110185f1131ac28a6f740", kill_on_drop: false }`
[INFO] running `Command { std: "docker" "rm" "-f" "a019ceb61139c0467951e4d9fc7b3711a4605b5c4ea110185f1131ac28a6f740", kill_on_drop: false }`
[INFO] [stdout] a019ceb61139c0467951e4d9fc7b3711a4605b5c4ea110185f1131ac28a6f740
[INFO] running `Command { std: "docker" "create" "-v" "/var/lib/crater-agent-workspace/builds/worker-3/target:/opt/rustwide/target:rw,Z" "-v" "/var/lib/crater-agent-workspace/builds/worker-3/source:/opt/rustwide/workdir:ro,Z" "-v" "/var/lib/crater-agent-workspace/cargo-home:/opt/rustwide/cargo-home:ro,Z" "-v" "/var/lib/crater-agent-workspace/rustup-home:/opt/rustwide/rustup-home:ro,Z" "-e" "SOURCE_DIR=/opt/rustwide/workdir" "-e" "CARGO_TARGET_DIR=/opt/rustwide/target" "-e" "CARGO_INCREMENTAL=0" "-e" "RUST_BACKTRACE=full" "-e" "RUSTFLAGS=--cap-lints=forbid" "-e" "CARGO_HOME=/opt/rustwide/cargo-home" "-e" "RUSTUP_HOME=/opt/rustwide/rustup-home" "-w" "/opt/rustwide/workdir" "-m" "1610612736" "--user" "0:0" "--network" "none" "rustops/crates-build-env@sha256:d92eaeed33fa75130ca1ee6c8a01d1ffb62bac859dfdfb3450e3e5d1c0146529" "/opt/rustwide/cargo-home/bin/cargo" "+af3c6e733a40e671550e0f0f5aeecaa13772ba56" "check" "--frozen" "--all" "--all-targets" "--message-format=json", kill_on_drop: false }`
[INFO] [stdout] daefeccd92f04cef7c1e741d831e7dce4c656b4f4ed6c47ce121aafdd6e5bc6e
[INFO] [stderr] WARNING: Your kernel does not support swap limit capabilities or the cgroup is not mounted. Memory limited without swap.
[INFO] running `Command { std: "docker" "start" "-a" "daefeccd92f04cef7c1e741d831e7dce4c656b4f4ed6c47ce121aafdd6e5bc6e", kill_on_drop: false }`
[INFO] [stderr]    Compiling autocfg v1.0.1
[INFO] [stderr]    Compiling proc-macro2 v1.0.19
[INFO] [stderr]     Checking cfg-if v0.1.10
[INFO] [stderr]    Compiling unicode-xid v0.2.1
[INFO] [stderr]    Compiling syn v1.0.39
[INFO] [stderr]    Compiling getrandom v0.1.14
[INFO] [stderr]    Compiling serde_derive v1.0.115
[INFO] [stderr]    Compiling log v0.4.11
[INFO] [stderr]    Compiling ryu v1.0.5
[INFO] [stderr]    Compiling serde_json v1.0.57
[INFO] [stderr]     Checking itoa v0.4.6
[INFO] [stderr]     Checking termcolor v1.1.0
[INFO] [stderr]    Compiling num-traits v0.2.12
[INFO] [stderr]    Compiling num-integer v0.1.43
[INFO] [stderr]     Checking rand_core v0.5.1
[INFO] [stderr]    Compiling quote v1.0.7
[INFO] [stderr]     Checking rand_chacha v0.2.2
[INFO] [stderr]     Checking rand v0.7.3
[INFO] [stderr]     Checking chrono v0.4.15
[INFO] [stderr]     Checking simplelog v0.8.0
[INFO] [stderr]     Checking serde v1.0.115
[INFO] [stderr]     Checking halite3bdk v0.1.0 (/opt/rustwide/workdir)
[INFO] [stdout] warning: field is never read: `configuration`
[INFO] [stdout]   --> src/game.rs:14:5
[INFO] [stdout]    |
[INFO] [stdout] 14 |     configuration: Configuration,
[INFO] [stdout]    |     ^^^^^^^^^^^^^^^^^^^^^^^^^^^^
[INFO] [stdout]    |
[INFO] [stdout]    = note: `#[warn(dead_code)]` on by default
[INFO] [stdout] 
[INFO] [stdout] 
[INFO] [stdout] warning: associated function is never used: `next_usize`
[INFO] [stdout]   --> src/input.rs:56:12
[INFO] [stdout]    |
[INFO] [stdout] 56 |     pub fn next_usize(&mut self) -> usize {
[INFO] [stdout]    |            ^^^^^^^^^^
[INFO] [stdout] 
[INFO] [stdout] 
[INFO] [stdout] warning: 2 warnings emitted
[INFO] [stdout] 
[INFO] [stdout] 
[INFO] [stdout] warning: field is never read: `configuration`
[INFO] [stdout]   --> src/game.rs:14:5
[INFO] [stdout]    |
[INFO] [stdout] 14 |     configuration: Configuration,
[INFO] [stdout]    |     ^^^^^^^^^^^^^^^^^^^^^^^^^^^^
[INFO] [stdout]    |
[INFO] [stdout]    = note: `#[warn(dead_code)]` on by default
[INFO] [stdout] 
[INFO] [stdout] 
[INFO] [stdout] warning: associated function is never used: `next_usize`
[INFO] [stdout]   --> src/input.rs:56:12
[INFO] [stdout]    |
[INFO] [stdout] 56 |     pub fn next_usize(&mut self) -> usize {
[INFO] [stdout]    |            ^^^^^^^^^^
[INFO] [stdout] 
[INFO] [stdout] 
[INFO] [stdout] warning: 2 warnings emitted
[INFO] [stdout] 
[INFO] [stdout] 
[INFO] [stdout] error[E0433]: failed to resolve: use of undeclared type or module `halite3sdk`
[INFO] [stdout]  --> examples/logging.rs:1:5
[INFO] [stdout]   |
[INFO] [stdout] 1 | use halite3sdk::logger::{error, info, init};
[INFO] [stdout]   |     ^^^^^^^^^^ use of undeclared type or module `halite3sdk`
[INFO] [stdout] 
[INFO] [stdout] 
[INFO] [stdout] error[E0425]: cannot find function `init` in this scope
[INFO] [stdout]  --> examples/logging.rs:4:5
[INFO] [stdout]   |
[INFO] [stdout] 4 |     init();
[INFO] [stdout]   |     ^^^^ not found in this scope
[INFO] [stdout]   |
[INFO] [stdout] help: consider importing this function
[INFO] [stdout]   |
[INFO] [stdout] 1 | use halite3bdk::logger::init;
[INFO] [stdout]   |
[INFO] [stdout] 
[INFO] [stdout] 
[INFO] [stdout] error[E0425]: cannot find function `info` in this scope
[INFO] [stdout]  --> examples/logging.rs:6:5
[INFO] [stdout]   |
[INFO] [stdout] 6 |     info("hello world");
[INFO] [stdout]   |     ^^^^ not found in this scope
[INFO] [stdout]   |
[INFO] [stdout] help: consider importing this function
[INFO] [stdout]   |
[INFO] [stdout] 1 | use halite3bdk::logger::info;
[INFO] [stdout]   |
[INFO] [stdout] 
[INFO] [stdout] 
[INFO] [stdout] error[E0425]: cannot find function `error` in this scope
[INFO] [stdout]  --> examples/logging.rs:7:5
[INFO] [stdout]   |
[INFO] [stdout] 7 |     error("what is this");
[INFO] [stdout]   |     ^^^^^ not found in this scope
[INFO] [stdout]   |
[INFO] [stdout] help: consider importing this function
[INFO] [stdout]   |
[INFO] [stdout] 1 | use halite3bdk::logger::error;
[INFO] [stdout]   |
[INFO] [stdout] 
[INFO] [stdout] 
[INFO] [stderr] error: could not compile `halite3bdk`.
[INFO] [stdout] error: aborting due to 4 previous errors
[INFO] [stdout] 
[INFO] [stdout] 
[INFO] [stderr] 
[INFO] [stdout] Some errors have detailed explanations: E0425, E0433.
[INFO] [stdout] 
[INFO] [stderr] To learn more, run the command again with --verbose.
[INFO] [stdout] For more information about an error, try `rustc --explain E0425`.
[INFO] [stdout] 
[INFO] [stderr] warning: build failed, waiting for other jobs to finish...
[INFO] [stderr] error: build failed
[INFO] running `Command { std: "docker" "inspect" "daefeccd92f04cef7c1e741d831e7dce4c656b4f4ed6c47ce121aafdd6e5bc6e", kill_on_drop: false }`
[INFO] running `Command { std: "docker" "rm" "-f" "daefeccd92f04cef7c1e741d831e7dce4c656b4f4ed6c47ce121aafdd6e5bc6e", kill_on_drop: false }`
[INFO] [stdout] daefeccd92f04cef7c1e741d831e7dce4c656b4f4ed6c47ce121aafdd6e5bc6e
